{"id":22,"date":"2023-07-29T15:52:53","date_gmt":"2023-07-29T15:52:53","guid":{"rendered":"https:\/\/www.hofmatt.de\/?page_id=22"},"modified":"2023-07-29T18:14:44","modified_gmt":"2023-07-29T17:14:44","slug":"home","status":"publish","type":"page","link":"https:\/\/www.hofmatt.de\/","title":{"rendered":"Willkommen"},"content":{"rendered":"\n<p>Herzlich Willkommen auf der Internetpr\u00e4senz des Appartements &#8222;Hofmatt&#8220; in B\u00fchl-Altschweier.<\/p>\n\n\n\n<p>Sie suchen eine m\u00f6blierte Unterkunft als Kurzzeitmiete in B\u00fchl und Umgebung? <br>Hier finden Sie s\u00e4mtliche Informationen rund um das Appartement, die Ausstattung und die Mietbedingungen.<\/p>\n\n\n\n<p>Bei Interesse an einer Anmietung kontaktieren Sie uns bitte per eMail.<br>Bei allen anderen Fragen stehen wir nat\u00fcrlich auch gerne zur Verf\u00fcgung.<\/p>\n\n\n\n<p><\/p>\n\n\n\n<p>Ihre <br>Pfeifer&#8217;s<\/p>\n","protected":false},"excerpt":{"rendered":"<p>Herzlich Willkommen auf der Internetpr\u00e4senz des Appartements &#8222;Hofmatt&#8220; in B\u00fchl-Altschweier. Sie suchen eine m\u00f6blierte Unterkunft als Kurzzeitmiete in B\u00fchl und Umgebung? Hier finden Sie s\u00e4mtliche Informationen rund um das Appartement,&#8230;<\/p>\n","protected":false},"author":1,"featured_media":0,"parent":0,"menu_order":0,"comment_status":"closed","ping_status":"closed","template":"","meta":{"footnotes":""},"class_list":["post-22","page","type-page","status-publish","hentry","entry"],"_links":{"self":[{"href":"https:\/\/www.hofmatt.de\/index.php?rest_route=\/wp\/v2\/pages\/22","targetHints":{"allow":["GET"]}}],"collection":[{"href":"https:\/\/www.hofmatt.de\/index.php?rest_route=\/wp\/v2\/pages"}],"about":[{"href":"https:\/\/www.hofmatt.de\/index.php?rest_route=\/wp\/v2\/types\/page"}],"author":[{"embeddable":true,"href":"https:\/\/www.hofmatt.de\/index.php?rest_route=\/wp\/v2\/users\/1"}],"replies":[{"embeddable":true,"href":"https:\/\/www.hofmatt.de\/index.php?rest_route=%2Fwp%2Fv2%2Fcomments&post=22"}],"version-history":[{"count":2,"href":"https:\/\/www.hofmatt.de\/index.php?rest_route=\/wp\/v2\/pages\/22\/revisions"}],"predecessor-version":[{"id":61,"href":"https:\/\/www.hofmatt.de\/index.php?rest_route=\/wp\/v2\/pages\/22\/revisions\/61"}],"wp:attachment":[{"href":"https:\/\/www.hofmatt.de\/index.php?rest_route=%2Fwp%2Fv2%2Fmedia&parent=22"}],"curies":[{"name":"wp","href":"https:\/\/api.w.org\/{rel}","templated":true}]}}